{"id":6,"date":"2019-02-14T15:00:37","date_gmt":"2019-02-14T15:00:37","guid":{"rendered":"http:\/\/172.16.16.29\/?page_id=6"},"modified":"2026-01-19T22:06:52","modified_gmt":"2026-01-19T20:06:52","slug":"iletisim","status":"publish","type":"page","link":"https:\/\/uzem.idu.edu.tr\/index.php\/iletisim\/","title":{"rendered":"\u0130leti\u015fim"},"content":{"rendered":"<section class=\"kc-elm kc-css-759817 kc_row\"><div class=\"kc-row-container  kc-container\"><div class=\"kc-wrap-columns\"><div class=\"kc-elm kc-css-837993 kc_col-sm-12 kc_column kc_col-sm-12\"><div class=\"kc-col-container\"><div class=\"kc-elm kc-css-825078 kc_text_block\"><\/p>\n<div style=\"font-family: Verdana; color: black;\">\n<p>Adres: \u00dc\u00e7kuyular Mahallesi, G\u00fcrsel Aksel Bulvar\u0131, No:14 35140 Karaba\u011flar\/\u0130ZM\u0130R<\/p>\n<p>Telefon: 0 232 260 10 01<\/p>\n<p>Web: <a href=\"http:\/\/www.idu.edu.tr\/\">www.idu.edu.tr <\/a><\/p>\n<p>E-Posta: gunal.bilek@idu.edu.tr<\/p>\n<\/div>\n<p>\n<\/div><\/div><\/div><\/div><\/div><\/section>\n","protected":false},"excerpt":{"rendered":"","protected":false},"author":1,"featured_media":2056,"parent":0,"menu_order":0,"comment_status":"closed","ping_status":"closed","template":"","meta":{"footnotes":""},"class_list":["post-6","page","type-page","status-publish","has-post-thumbnail","hentry"],"_links":{"self":[{"href":"https:\/\/uzem.idu.edu.tr\/index.php\/wp-json\/wp\/v2\/pages\/6","targetHints":{"allow":["GET"]}}],"collection":[{"href":"https:\/\/uzem.idu.edu.tr\/index.php\/wp-json\/wp\/v2\/pages"}],"about":[{"href":"https:\/\/uzem.idu.edu.tr\/index.php\/wp-json\/wp\/v2\/types\/page"}],"author":[{"embeddable":true,"href":"https:\/\/uzem.idu.edu.tr\/index.php\/wp-json\/wp\/v2\/users\/1"}],"replies":[{"embeddable":true,"href":"https:\/\/uzem.idu.edu.tr\/index.php\/wp-json\/wp\/v2\/comments?post=6"}],"version-history":[{"count":59,"href":"https:\/\/uzem.idu.edu.tr\/index.php\/wp-json\/wp\/v2\/pages\/6\/revisions"}],"predecessor-version":[{"id":2772,"href":"https:\/\/uzem.idu.edu.tr\/index.php\/wp-json\/wp\/v2\/pages\/6\/revisions\/2772"}],"wp:featuredmedia":[{"embeddable":true,"href":"https:\/\/uzem.idu.edu.tr\/index.php\/wp-json\/wp\/v2\/media\/2056"}],"wp:attachment":[{"href":"https:\/\/uzem.idu.edu.tr\/index.php\/wp-json\/wp\/v2\/media?parent=6"}],"curies":[{"name":"wp","href":"https:\/\/api.w.org\/{rel}","templated":true}]}}