{"id":46,"date":"2019-02-21T14:08:07","date_gmt":"2019-02-21T14:08:07","guid":{"rendered":"http:\/\/172.16.16.29\/?page_id=46"},"modified":"2019-09-23T09:30:45","modified_gmt":"2019-09-23T07:30:45","slug":"yonetim","status":"publish","type":"page","link":"https:\/\/uzem.idu.edu.tr\/index.php\/yonetim\/","title":{"rendered":"Y\u00f6netim Kurulu"},"content":{"rendered":"<section class=\"kc-elm kc-css-948438 kc_row\"><div class=\"kc-row-container  kc-container\"><div class=\"kc-wrap-columns\"><div class=\"kc-elm kc-css-845950 kc_col-sm-12 kc_column kc_col-sm-12\"><div class=\"kc-col-container\"><div class=\"col-sm-6 col-md-4\">\n                    <div class=\"profile-card profile-card-meta_classic kc-elm kc-css-930565\">\n                        <figure>\n                             <img loading=\"lazy\" decoding=\"async\" width=\"150\" height=\"150\" src=\"https:\/\/uzem.idu.edu.tr\/wp-content\/uploads\/2017\/06\/gunal-150x150.jpeg\" class=\"img-responsive\" alt=\"\" \/>\n                            <figcaption><h3 class=\"fig-title\">Do\u00e7.Dr. G\u00fcnal Bilek<\/h3><div class=\"fig-title-des\">M\u00fcd\u00fcr<\/div><div class=\"fig-meta\"><p class=\"fig-cal\"><strong>Call:<\/strong> <span>+90 232 260 1001<\/span><\/p><p class=\"fig-mail\"><strong>Email:<\/strong> <span>gunal.bilek@idu.edu.tr<\/span><\/p><\/div>\n                            <\/figcaption>\n                        <\/figure><\/div>\n                <\/div><div class=\"col-sm-6 col-md-4\">\n                    <div class=\"profile-card profile-card-meta_classic kc-elm kc-css-930565\">\n                        <figure>\n                             <img loading=\"lazy\" decoding=\"async\" width=\"150\" height=\"150\" src=\"https:\/\/uzem.idu.edu.tr\/wp-content\/uploads\/2017\/08\/WhatsApp-Image-2026-01-19-at-19.06.47-150x150.jpeg\" class=\"img-responsive\" alt=\"\" \/>\n                            <figcaption><h3 class=\"fig-title\">Do\u00e7. Dr. Bar\u0131\u015f \u00c7A\u011eIRKAN<\/h3><div class=\"fig-title-des\">M\u00fcd\u00fcr Yard\u0131mc\u0131s\u0131 \/ Y\u00f6netim Kurulu \u00dcyesi<\/div><div class=\"fig-meta\"><p class=\"fig-cal\"><strong>Call:<\/strong> <span>+90 232 260 1001<\/span><\/p><p class=\"fig-mail\"><strong>Email:<\/strong> <span>baris.cagirkan@idu.edu.tr<\/span><\/p><\/div>\n                            <\/figcaption>\n                        <\/figure><\/div>\n                <\/div><div class=\"team-clearfix\"><\/div><div class=\"col-sm-6 col-md-4\">\n                    <div class=\"profile-card profile-card-meta_classic kc-elm kc-css-930565\">\n                        <figure>\n                             <img loading=\"lazy\" decoding=\"async\" width=\"150\" height=\"150\" src=\"https:\/\/uzem.idu.edu.tr\/wp-content\/uploads\/2019\/05\/can-150x150.jpeg\" class=\"img-responsive\" alt=\"\" \/>\n                            <figcaption><h3 class=\"fig-title\">Dr. \u00d6\u011fr. \u00dcyesi Can Sayg\u0131ner<\/h3><div class=\"fig-title-des\">Y\u00f6netim Kurulu \u00dcyesi<\/div><div class=\"fig-meta\"><p class=\"fig-cal\"><strong>Call:<\/strong> <span>+90 232 260 1001<\/span><\/p><p class=\"fig-mail\"><strong>Email:<\/strong> <span>can.sayginer@idu.edu.tr<\/span><\/p><\/div>\n                            <\/figcaption>\n                        <\/figure><\/div>\n                <\/div><div class=\"col-sm-6 col-md-4\">\n                    <div class=\"profile-card profile-card-meta_classic kc-elm kc-css-930565\">\n                        <figure>\n                             <img loading=\"lazy\" decoding=\"async\" width=\"150\" height=\"150\" src=\"https:\/\/uzem.idu.edu.tr\/wp-content\/uploads\/2019\/09\/bahar-150x150.jpeg\" class=\"img-responsive\" alt=\"\" srcset=\"https:\/\/uzem.idu.edu.tr\/wp-content\/uploads\/2019\/09\/bahar-150x150.jpeg 150w, https:\/\/uzem.idu.edu.tr\/wp-content\/uploads\/2019\/09\/bahar.jpeg 200w\" sizes=\"auto, (max-width: 150px) 100vw, 150px\" \/>\n                            <figcaption><h3 class=\"fig-title\">Dr. \u00d6\u011fr. \u00dcyesi Bahar TA\u015eAR<\/h3><div class=\"fig-title-des\">Y\u00f6netim Kurulu \u00dcyesi<\/div><div class=\"fig-meta\"><p class=\"fig-cal\"><strong>Call:<\/strong> <span>+90 232 260 1004<\/span><\/p><p class=\"fig-mail\"><strong>Email:<\/strong> <span>bahar.tasar@idu.edu.tr<\/span><\/p><\/div>\n                            <\/figcaption>\n                        <\/figure><\/div>\n                <\/div><div class=\"team-clearfix\"><\/div><div class=\"col-sm-6 col-md-4\">\n                    <div class=\"profile-card profile-card-meta_classic kc-elm kc-css-930565\">\n                        <figure>\n                             <img loading=\"lazy\" decoding=\"async\" width=\"150\" height=\"150\" src=\"https:\/\/uzem.idu.edu.tr\/wp-content\/uploads\/2019\/09\/mustafa-150x150.jpeg\" class=\"img-responsive\" alt=\"\" srcset=\"https:\/\/uzem.idu.edu.tr\/wp-content\/uploads\/2019\/09\/mustafa-150x150.jpeg 150w, https:\/\/uzem.idu.edu.tr\/wp-content\/uploads\/2019\/09\/mustafa.jpeg 200w\" sizes=\"auto, (max-width: 150px) 100vw, 150px\" \/>\n                            <figcaption><h3 class=\"fig-title\">Do\u00e7. Dr. Mustafa YURTSEVER<\/h3><div class=\"fig-title-des\">Y\u00f6netim Kurulu \u00dcyesi<\/div><div class=\"fig-meta\"><p class=\"fig-cal\"><strong>Call:<\/strong> <span>+90 232 260 1001<\/span><\/p><p class=\"fig-mail\"><strong>Email:<\/strong> <span>mustafa.yurtsever@idu.edu.tr<\/span><\/p><\/div>\n                            <\/figcaption>\n                        <\/figure><\/div>\n                <\/div><div class=\"col-sm-6 col-md-4\">\n                    <div class=\"profile-card profile-card-meta_classic kc-elm kc-css-930565\">\n                        <figure>\n                             <img loading=\"lazy\" decoding=\"async\" width=\"150\" height=\"150\" src=\"https:\/\/uzem.idu.edu.tr\/wp-content\/uploads\/2019\/09\/eylul-150x150.jpeg\" class=\"img-responsive\" alt=\"\" srcset=\"https:\/\/uzem.idu.edu.tr\/wp-content\/uploads\/2019\/09\/eylul-150x150.jpeg 150w, https:\/\/uzem.idu.edu.tr\/wp-content\/uploads\/2019\/09\/eylul.jpeg 225w\" sizes=\"auto, (max-width: 150px) 100vw, 150px\" \/>\n                            <figcaption><h3 class=\"fig-title\">Do\u00e7. Dr. Eyl\u00fcl KABAK\u00c7I G\u00dcNAY<\/h3><div class=\"fig-title-des\">Y\u00f6netim Kurulu \u00dcyesi<\/div><div class=\"fig-meta\"><p class=\"fig-cal\"><strong>Call:<\/strong> <span>+90 232 260 1001<\/span><\/p><p class=\"fig-mail\"><strong>Email:<\/strong> <span>eylul.kabakci@idu.edu.tr<\/span><\/p><\/div>\n                            <\/figcaption>\n                        <\/figure><\/div>\n                <\/div><div class=\"team-clearfix\"><\/div><div class=\"col-sm-6 col-md-4\">\n                    <div class=\"profile-card profile-card-meta_classic kc-elm kc-css-930565\">\n                        <figure>\n                             <img loading=\"lazy\" decoding=\"async\" width=\"150\" height=\"150\" src=\"https:\/\/uzem.idu.edu.tr\/wp-content\/uploads\/2019\/09\/ekin-150x150.jpeg\" class=\"img-responsive\" alt=\"\" srcset=\"https:\/\/uzem.idu.edu.tr\/wp-content\/uploads\/2019\/09\/ekin-150x150.jpeg 150w, https:\/\/uzem.idu.edu.tr\/wp-content\/uploads\/2019\/09\/ekin.jpeg 200w\" sizes=\"auto, (max-width: 150px) 100vw, 150px\" \/>\n                            <figcaption><h3 class=\"fig-title\">Do\u00e7. Dr. Ekin ERDEM<\/h3><div class=\"fig-title-des\">Y\u00f6netim Kurulu \u00dcyesi<\/div><div class=\"fig-meta\"><p class=\"fig-cal\"><strong>Call:<\/strong> <span>+90 232 260 1001<\/span><\/p><p class=\"fig-mail\"><strong>Email:<\/strong> <span>ekin.erdem@idu.edu.tr<\/span><\/p><\/div>\n                            <\/figcaption>\n                        <\/figure><\/div>\n                <\/div><\/div><\/div><\/div><\/div><\/section>\n","protected":false},"excerpt":{"rendered":"","protected":false},"author":1,"featured_media":0,"parent":0,"menu_order":0,"comment_status":"closed","ping_status":"closed","template":"","meta":{"footnotes":""},"class_list":["post-46","page","type-page","status-publish","hentry"],"_links":{"self":[{"href":"https:\/\/uzem.idu.edu.tr\/index.php\/wp-json\/wp\/v2\/pages\/46","targetHints":{"allow":["GET"]}}],"collection":[{"href":"https:\/\/uzem.idu.edu.tr\/index.php\/wp-json\/wp\/v2\/pages"}],"about":[{"href":"https:\/\/uzem.idu.edu.tr\/index.php\/wp-json\/wp\/v2\/types\/page"}],"author":[{"embeddable":true,"href":"https:\/\/uzem.idu.edu.tr\/index.php\/wp-json\/wp\/v2\/users\/1"}],"replies":[{"embeddable":true,"href":"https:\/\/uzem.idu.edu.tr\/index.php\/wp-json\/wp\/v2\/comments?post=46"}],"version-history":[{"count":94,"href":"https:\/\/uzem.idu.edu.tr\/index.php\/wp-json\/wp\/v2\/pages\/46\/revisions"}],"predecessor-version":[{"id":2093,"href":"https:\/\/uzem.idu.edu.tr\/index.php\/wp-json\/wp\/v2\/pages\/46\/revisions\/2093"}],"wp:attachment":[{"href":"https:\/\/uzem.idu.edu.tr\/index.php\/wp-json\/wp\/v2\/media?parent=46"}],"curies":[{"name":"wp","href":"https:\/\/api.w.org\/{rel}","templated":true}]}}